= a - 37. Suppose -2*h = -2*b - 14, -2*h + 4 + 15 = -b. Calculate the remainder when t is divided by h.
11
Calculate the remainder when 262 is divided by (123/2)/(-10 - (-63)/6).
16
Let p(b) = -3*b - 1. Let o be p(5). Let w be (12/o)/(1/(-4)). Suppose 0 = s - 2*s + w. Calculate the remainder when s is divided by 2.
1
Suppose -868 = 3*q - 925. What is the remainder when 300 is divided by q?
15
Suppose -6*j + 10 = -8. Calculate the remainder when 49 is divided by ((-34)/3)/((-2)/j).
15
Suppose -280 = -5*h + z + 4*z, 4*h + z = 249. Calculate the remainder when h is divided by 33.
28
Suppose -12*c + 987 - 15 = 0. Calculate the remainder when c is divided by 7.
4
What is the remainder when 274 is divided by ((-4)/9)/((-62)/6417)?
44
Suppose -5*x = -4*y - 3*x + 178, -95 = -2*y - 5*x. Suppose -y - 120 = -5*p. What is the remainder when 1430/p - (-1)/(-3) is divided by 11?
10
Suppose -4*b + 2*j + 62 = 0, -43 + 44 = -b - 5*j. Calculate the remainder when 683 is divided by b.
11
Suppose 40 = s - 51. Suppose 263 = -3*d - s. What is the remainder when d/(-8) + 42/(-56) is divided by 4?
2
Suppose -3*u = u. Let w = 388 - 380. Suppose -s - w + 4 = u, -s - 22 = -2*j. What is the remainder when 16 is divided by j?
7
Let u(v) = 4*v - 1. Let d(m) = m**3 + 12*m**2 - 14*m - 12. Let n be d(-13). Let a be u(n). Let h = 15 - a. Calculate the remainder when 35 is divided by h.
11
Let d(s) = s**3 - 5*s**2 + 12*s - 4. What is the remainder when d(4) is divided by 11?
6
Suppose -2*g = 2*g + 992. Let a be 3/7 - g/(-56). Calculate the remainder when ((-2)/a)/((-2)/(-32)) is divided by 5.
3
Let j(t) = -t**3 - 10*t**2 - 10*t - 12. Let h be j(-8). Let s be (1/3)/((-4)/h). What is the remainder when 25 is divided by ((-2)/(-4))/(s/70)?
4
Let i = 364 + -219. Suppose 6 = 3*q, 0 = -5*k + 4*q - 9*q + i. Calculate the remainder when 52 is divided by k.
25
Let k = 206 + -128. Suppose -f + 27 = 3*d, 4*f - 2*d = 57 + 51. Calculate the remainder when k is divided by f.
24
Suppose -29*c - 1190 = -43*c. Let i = -16 - -27. What is the remainder when c is divided by i?
8
Suppose -2*x = 2*r - 319 - 83, -4*r + 804 = -4*x. Calculate the remainder when r is divided by 52.
45
Let t(f) = -f**3 - 5*f**2 + 7*f + 9. Let x be t(-6). Let k be (1 - (-6)/x)*1. Suppose 0 = k*y + y - 76. What is the remainder when y is divided by 11?
8
Suppose 3*v - 204 = -v. Calculate the remainder when v is divided by -4 + 10 + 9 + -2.
12
Let u(v) = -v**2 + 6*v + 8. Let m = 29 - 24. Let w be (-36)/30*-1*m. Calculate the remainder when u(w) is divided by 3.
2
Suppose 2*b + k - 1 = -0, -10 = 5*b + 5*k. Let i(m) = -m**3 - 3*m**2 + 17*m - 4. Let c be i(-6). What is the remainder when 6 is divided by ((-8)/(-3))/(c/b)?
2
Let p(t) = t**3 + 7*t**2 - t + 5. Suppose 0*o - 2*o + 8 = 0. Suppose 3*r = 2*v - 6*v + 87, -o*v + 81 = -3*r. What is the remainder when p(-5) is divided by v?
18
Calculate the remainder when 237 is divided by 2786/34 - 70/(-1190).
73
Let j be -11*((-1)/2)/((-1)/2). Let g(m) = -2*m - 14. What is the remainder when 29 is divided by g(j)?
5
Let u be (-2)/(-3) + ((-110)/(-6) - -1). Suppose 21*i - 27 = u*i. Calculate the remainder when i is divided by 10.
7
Suppose -16*h = -15*h + 8. What is the remainder when -71*4/(h - -4) is divided by 37?
34
Suppose a + 3*a = 24. What is the remainder when ((-623)/14)/((-3)/a) is divided by 30?
29
Let d = 884 - 870. What is the remainder when 53 is divided by d?
11
Let b = 69 + -115. Let f = 57 + b. Calculate the remainder when 30 is divided by f.
8
Suppose -1103*p = -1101*p - 1062. Calculate the remainder when p is divided by 13.
11
Suppose -195 = -3*p + 681. What is the remainder when p is divided by 30?
22
Suppose 63 = 3*z + 225. Let v = -35 - z. What is the remainder when v is divided by 10?
9
Let d(j) = 7*j**2 + j + 2. Suppose -50*v + 2 = -52*v. Calculate the remainder when 46 is divided by d(v).
6
What is the remainder when 183 + -2 + 4 + 2 is divided by 24?
19
Suppose 3*s + 2 = 7*s + 2*y, 3*y = 4*s - 7. What is the remainder when 66 is divided by s/(-3)*(-4)/(-2)*-15?
6
Let t = -1303 - -1374. Calculate the remainder when 491 is divided by t.
65
Let s = -59 + -62. Let d = -42 - s. Calculate the remainder when d is divided by 28.
23
Let r(d) = -13*d**2 + 88*d - 14. What is the remainder when 53 is divided by r(6)?
7
Suppose 3*x + 4*v = -1, -13*x + 4*v + 41 = -8*x. Suppose 2*y - 28 - 45 = -3*j, 88 = 4*j + x*y. Calculate the remainder when 51 is divided by j.
24
Let l(s) = -s**2 - 4*s + 5. Let q(z) = -z**3 - z**2 - 3. Let a be q(0). What is the remainder when 6*(-18)/(-4) + -4 is divided by l(a)?
7
Let w = 98 + -8. Calculate the remainder when 34 is divided by ((-1)/3)/((-3)/w).
4
Suppose -2*a - a - 22 = -4*m, -3*a - 26 = -5*m. Suppose -3*i + 3*q + 63 = 0, -4*i - 61*q + 96 = -62*q. Calculate the remainder when i is divided by (a/4)/1*-26.
12
Suppose -3*i - 66 = -m, -11*m + 7*m + i = -319. Calculate the remainder when 722 is divided by m.
74
Let d(h) = -h**3 + 28*h**2 - 19*h + 6. Calculate the remainder when d(27) is divided by 56.
54
Suppose 233 = 9*i + 125. Calculate the remainder when 287 is divided by i.
11
What is the remainder when 30 is divided by 57/6 - (-3 - (-7)/2)?
3
Calculate the remainder when 126 is divided by 3/(-5) - (-1431)/135.
6
Let p be 2/(-5) + (-26)/10. Let z = -78 + 88. What is the remainder when z is divided by 2*(p/(-6) + 1)?
1
Suppose -4*n - 479 = -4*x + 12833, -2*x = 4. What is the remainder when 159 is divided by 1/(-8) - n/144?
21
Let d = -169 - -245. Suppose -v = -18 + 2. Calculate the remainder when d is divided by v.
12
Let m = -338 - -174. Let l = -64 - m. Calculate the remainder when l is divided by 26.
22
Suppose 4*w - 32 - 84 = 0. Let b(k) = 11*k**3 + k**2 - k - 1. Calculate the remainder when w is divided by b(1).
9
Suppose 0 = 5*a - 537 - 213. Calculate the remainder when a is divided by 17.
14
Suppose -4*y = 5*w + 36 + 14, 2*w = -4*y - 44. Calculate the remainder when (-488)/y*10/4 is divided by 25.
22
Calculate the remainder when 458/(-2)*(-2)/2 is divided by 4 - ((-6)/(-12))/(2*(-1)/168).
45
Let r(g) = -6*g**3 + 2*g**2 + 15*g + 13. What is the remainder when r(-4) is divided by 11?
6
Suppose 3*w = -2*i + 3 - 7, -3*i - 6 = -2*w. Suppose w = 158*y - 163*y + 90. Calculate the remainder when 50 is divided by y.
14
Suppose 0 = -c - 4*p + 125, -2*c + 3*p - 448 = -6*c. Calculate the remainder when c is divided by 29.
22
Suppose 5*w + 2*t = 239, 0 = 2*w - 4*w - t + 96. Calculate the remainder when w is divided by 13.
8
Suppose -2 = -o - 0. Suppose -o + 4 = -k, 3*s - k = 230. Calculate the remainder when s is divided by 39.
37
Let g = -60 - -83. Calculate the remainder when 228 is divided by g.
21
Let f = -1287 - -1294. Calculate the remainder when 246 is divided by f.
1
Let q = -191 - -269. Suppose -3*g + 12 = -q. What is the remainder when 86 is divided by g?
26
What is the remainder when 205 is divided by ((8888/33)/(-4))/(2/(-3))?
3
Suppose 0 = x - 5, 5*x = 3*j + 3*x + 1. Suppose 16 = 2*s - 0*s - 2*v, 0 = -j*v - 15. What is the remainder when -16*-1*(s + -1) is divided by 11?
10
Suppose -6*u + 101 = -331. Suppose 101 = 3*v + w, 3*v + 4*w = 5*v - u. Let p(l) = 2*l**2 + 3*l - 2. What is the remainder when v is divided by p(2)?
10
Let r(j) = 4*j**2 + 8 - 5 - j - j. Suppose -2*m = w - 37, -2 = 3*w - 17. Calculate the remainder when r(-3) is divided by m.
13
Calculate the remainder when 34 is divided by -11 - ((-24)/(-3) - 30).
1
Suppose -172 = 11*i - 1558. Calculate the remainder when i is divided by 26.
22
Let y(k) = k**3 + 17*k**2 - 24*k - 34. Calculate the remainder when 215 is divided by y(-18).
67
Let a be (-30)/(-5) - (-1 + 3/3). What is the remainder when 94 is divided by (a/(-4))/((-2)/(768/18))?
30
Suppose 42*s = -19*s + 1220. Calculate the remainder when 349 is divided by s.
9
Suppose 242*d = 246*d - 84. What is the remainder when 522 is divided by d?
18
Let j(u) = -u**3 - 15*u**2 + 14*u + 24. Let a be j(-16). Let r = a + -43. Let y(g) = 2*g + 9. What is the remainder when y(7) is divided by r?
10
Suppose 2 = 4*h + 2*l - 4*l, -4*l = 2*h + 4. Suppose 3*j + j = h. Suppose j = 2*q - 67 - 49. Calculate the remainder when q is divided by 15.
13
Let p(h) be the second derivative of 17*h**4/6 + h**3/3 + h**2/2 + 8*h. Let o be p(-1). 